2 - -100e2?
100e4
In base 13, what is 8 - -c7636?
c7641
In base 13, what is -577076 + -4?
-57707a
In base 3, what is 101 + 211000120?
211000221
In base 9, what is -33 + -656?
-700
In base 3, what is 22222 - -111022100?
111122022
In base 6, what is -40 + 120401?
120321
In base 11, what is -1007 - -35?
-a82
In base 15, what is -255b - -11?
-254a
In base 5, what is -3 + -104021?
-104024
In base 10, what is 5 - -1690?
1695
In base 14, what is -338 + -64d?
-987
In base 6, what is -304554 - 12?
-305010
In base 8, what is -1424 - -55?
-1347
In base 15, what is 44 + 54cb?
5520
In base 8, what is 7 + 64521?
64530
In base 8, what is -4643 - 235?
-5100
In base 16, what is 2d84c - 2?
2d84a
In base 13, what is -5 - 140?
-145
In base 10, what is 156 - -1768?
1924
In base 3, what is -1201001100 - 21?
-1201001121
In base 16, what is -1 - -2abeb?
2abea
In base 14, what is -541a4 - 9?
-541ad
In base 16, what is 37 - -c2b6?
c2ed
In base 9, what is 258 - -66?
335
In base 16, what is 0 - -55f79?
55f79
In base 4, what is -11 - 2122121?
-2122132
In base 12, what is -40 - -549?
509
In base 13, what is c72 - -12?
c84
In base 2, what is 1010 + 10010000001000?
10010000010010
In base 8, what is -4 + -110063?
-110067
In base 2, what is -111 - -110011011101100?
110011011100101
In base 16, what is -29c0 + -55?
-2a15
In base 10, what is -1 + -263303?
-263304
In base 15, what is -d4 - 189?
-26d
In base 16, what is 15486 - -5?
1548b
In base 8, what is -16362 + -112?
-16474
In base 11, what is 106a8 + -7?
106a1
In base 16, what is 1c7de + 2?
1c7e0
In base 12, what is -2 - 1339?
-133b
In base 5, what is -20144420 + 1?
-20144414
In base 13, what is -25 - -18982?
1895a
In base 6, what is 14 - 45315?
-45301
In base 14, what is ba + -2d8?
-21c
In base 14, what is 2cd6 - -6?
2cdc
In base 10, what is 110832 + 0?
110832
In base 15, what is -6 - dc6?
-dcc
In base 12, what is 9 + 15a4?
15b1
In base 3, what is 220 + 2001202?
2002122
In base 2, what is -10011111100 + 1011100101?
-1000010111
In base 11, what is -5 + 717621?
717617
In base 14, what is 35a - -1ac?
528
In base 7, what is -6314 + 1036?
-5245
In base 16, what is 1 + -2714?
-2713
In base 12, what is -159 - -21b5?
2058
In base 5, what is 10341332 - -2?
10341334
In base 10, what is -4109217 + 3?
-4109214
In base 3, what is 10111112 + 12?
10111201
In base 4, what is 11320 - -321130?
333110
In base 13, what is -1 - 5324b?
-5324c
In base 14, what is 1 + -3406?
-3405
In base 8, what is 3612 - 457?
3133
In base 12, what is -173626 - 1?
-173627
In base 10, what is -3 + 192346?
192343
In base 8, what is 3 - 2216347?
-2216344
In base 4, what is -20203022112 + 3?
-20203022103
In base 15, what is 1 - -19d1?
19d2
In base 3, what is 100012211212 + 2?
100012211221
In base 14, what is 3 + -108049?
-108046
In base 6, what is -101 + 1301?
1200
In base 15, what is 137 - -496?
5cd
In base 13, what is -735 - 54?
-789
In base 14, what is -149 - -240?
d5
In base 4, what is -23113 + -12132?
-101311
In base 14, what is -d1953 - -2?
-d1951
In base 5, what is -3 - 433303?
-433311
In base 13, what is -1b + 5a6?
588
In base 14, what is 126 - 188?
-62
In base 5, what is 212 - 1203?
-441
In base 13, what is -86b7 - 4?
-86bb
In base 12, what is 4894 - 8?
4888
In base 9, what is 30 - -13418?
13448
In base 3, what is -102 - 11220?
-12022
In base 4, what is 112 + 123210233?
123211011
In base 5, what is -322330 + -14?
-322344
In base 16, what is -248 - -19?
-22f
In base 3, what is 2010001 - -12201?
2022202
In base 11, what is -670599 - -2?
-670597
In base 6, what is -243122 + 1?
-243121
In base 12, what is -319 - -102?
-217
In base 3, what is -12211 - 2010210?
-2100121
In base 3, what is -10101 - -20200112?
20120011
In base 15, what is -126e + -c?
-127b
In base 11, what is -153 - 195?
-338
In base 9, what is -217 + 1514?
1286
In base 12, what is -ab + -21b?
-30a
In base 12, what is -5a - -1a30?
1992
In base 9, what is 41804 + -153?
41641
In base 6, what is 30531 - 13?
30514
In base 15, what is -13ba + -2?
-13bc
In base 15, what is 438 + -17e2?
-13a9
In base 10, what is -3 + -37987?
-37990
In base 5, what is -3121 + -24?
-3200
In base 10, what is 3175 - 11?
3164
In base 16, what is bb - 3d3?
-318
In base 11, what is -115874 + -14?
-115888
In base 10, what is 28153 + -1?
28152
In base 12, what is -3 - 76515?
-76518
In base 7, what is -156126 + 2?
-156124
In base 16, what is a5 - 30?
75
In base 4, what is -33222 - 310122?
-1010010
In base 3, what is -1002220 - 1102?
-1011022
In base 9, what is -3 + 15670?
15666
In base 7, what is -3533 + 35?
-3465
In base 13, what is 63b6 - -31?
6417
In base 2, what is 10011011 - 1111110?
11101
In base 13, what is 44 + 59b?
612
In base 13, what is -1 + 1c058?
1c057
In base 6, what is -5 - -2312203?
2312154
In base 2, what is 110000111 - -1000?
110001111
In base 8, what is 1456707 + 2?
1456711
In base 6, what is -3202 + 331?
-2431
In base 15, what is 64 + -1c9?
-165
In base 11, what is -39420 - -22?
-393a9
In base 10, what is -263210 - 0?
-263210
In base 13, what is -a73 + -a?
-a80
In base 9, what is 10 + 103054?
103064
In base 6, what is 20221 - -35?
20300
In base 3, what is 101 - 2222?
-2121
In base 16, what is -6b9 + 1a?
-69f
In base 4, what is -3132011 - -31?
-3131320
In base 16, what is b4f1 + -4?
b4ed
In base 16, what is -12 + 1073?
1061
In base 14, what is -40 - 2b6?
-316
In base 6, what is -5 + -101002053?
-101002102
In base 13, what is 36 - 2243?
-220a
In base 10, what is 3 + -82751?
-82748
In base 10, what is 9654 + 38?
9692
In base 12, what is -5 - -47604?
475bb
In base 5, what is -3 - -24043022?
24043014
In base 10, what is 89 + -759?
-670
In base 13, what is -5cc3 + -45?
-6038
In base 13, what is 21959 + 4?
21960
In base 15, what is 2e38 - -4?
2e3c
In base 4, what is -3 - -2323133?
2323130
In base 2, what is 1001111 + 111101100011000?
111101101100111
In base 16, what is -43 + 46?
3
In base 8, what is 30 - -36231?
36261
In base 9, what is 3 + -14110?
-14106
In base 4, what is 1 - 1020033020?
-1020033013
In base 7, what is -12 + -5254?
-5266
In base 4, what is -123 + 131012303?
131012120
In base 6, what is -5 + 1033131?
1033122
In base 4, what is -3 + 130131333?
130131330
In base 15, what is -5b - -3e?
-1c
In base 9, what is 5 - -3810?
3815
In base 16, what is -155 - 132a?
-147f
In base 11, what is 4a218 - a?
4a209
In base 12, what is -120 + -207?
-327
In base 2, what is 101 - -100110000101001?
100110000101110
In base 6, what is 4 + 412110?
412114
In base 6, what is 110022 - -542?
111004
In base 16, what is 74 - 470?
-3fc
In base 14, what is -28b943 + 5?
-28b93c
In base 12, what is -44 - 7585?
-7609
In base 12, what is 115 + -36?
9b
In base 13, what is 1 + -6c8?
-6c7
In base 3, what is -1101 + -112211222?
-112220100
In base 2, what is 11010000100 - -11001?
11010011101
In base 11, what is 2087 + 112?
2199
In base 10, what is -305122 + 5?
-305117
In base 2, what is -11111000011 - 110001?
-11111110100
In base 10, what is -2451 + -12?
-2463
In base 4, what is 10000 + 10122?
20122
In base 6, what is -40102 + -135?
-40241
In base 9, what is 0 - 270347?
-270347
In base 3, what is -12222210 + -100?
-20000010
In base 13, what is 16572 + a?
1657c
In base 13, what is 2 + 1045?
1047
In base 16, what is 10e44c - 2?
10e44a
In base 13, what is -c - -164c?
1640
In base 11, what is -4 - 128a8?
-12901
In base 7, what is -465 - 342?
-1140
In base 16, what is -3 + 1718?
1715
In base 5, what is 2034 - 4100?
-2011
In base 5, what is 4 - 102031323?
-102031314
In base 8, what is 5 + -62635?
-62630
In base 5, what is -3221434 + -11?
-3222000
In base 5, what is 3 - 22104003?
-22104000
In base 12, what is 3412 - -6?
3418
In base 6, what is 12 - 525125?
-525113
In base 10, what is -9539 + 70?
-9469
In base 10, what is -2444893 + -4?
-2444897
In base 8, what is 14 - 5337?
-5323
In base 6, what is -153101 - -12?
-153045
In base 7, what is -2365 - 33?
-2431
In base 5, what is 1302002 - -2?
1302004
In base 4, what is 13130300 + -22?
13130212
In base 11, what is -1a4 - -2165?
1a71
In base 4, what is 31010 + -21031?
3313
In base 15, what is -b63 - 3b?
-b9e
In base 9, what is -3 - 476?
-480
In base 4, what is -12222302333 - 3?
-12222303002
In base 5, what is -423 + 2222?
1244
In base 16, what is -1c + -12930?
-1294c
In base 7, what is 21264555 - -3?
2126